160 and 27646880.
160
What is the highest common factor of 177921 and 39978?
9
Calculate the highest common factor of 375516 and 50844.
228
Calculate the highest common factor of 17220 and 500820.
60
What is the greatest common factor of 2 and 831577?
1
What is the greatest common divisor of 36 and 505842?
6
Calculate the highest common factor of 12801 and 2250392.
17
What is the greatest common divisor of 182 and 8293831?
91
Calculate the highest common factor of 272 and 101898.
34
Calculate the greatest common divisor of 283181580 and 36.
36
Calculate the highest common divisor of 19824 and 267.
3
Calculate the greatest common factor of 106295 and 1810200.
35
Calculate the highest common factor of 53120 and 4491130.
830
What is the highest common factor of 2928288 and 20163?
1551
Calculate the highest common factor of 184 and 10408088.
8
Calculate the highest common divisor of 342 and 216917.
1
Calculate the highest common factor of 150 and 13318950.
150
Calculate the greatest common divisor of 23640 and 18730.
10
What is the highest common divisor of 19313 and 140399?
217
Calculate the highest common divisor of 13295324 and 96719.
2359
What is the highest common factor of 4290 and 36626865?
165
What is the highest common factor of 8 and 23295176?
8
Calculate the highest common divisor of 107222 and 9074.
2
What is the greatest common divisor of 9889 and 852221?
31
What is the highest common divisor of 230811 and 8961?
87
Calculate the highest common divisor of 133328 and 61139.
13
Calculate the greatest common divisor of 16 and 22287616.
16
Calculate the greatest common divisor of 251690670 and 5040.
630
Calculate the highest common divisor of 191 and 112271.
1
Calculate the greatest common divisor of 79982 and 130414.
394
Calculate the highest common divisor of 9979668 and 396.
36
What is the greatest common divisor of 426 and 209644398?
426
Calculate the highest common divisor of 29627 and 5957263.
559
Calculate the greatest common factor of 1305 and 340793790.
435
What is the greatest common factor of 7205867 and 396711?
2099
Calculate the greatest common divisor of 22369576 and 48168.
1784
Calculate the greatest common divisor of 180552320 and 320.
320
What is the greatest common factor of 9409840 and 34408?
1496
What is the highest common factor of 11442 and 105540?
6
Calculate the highest common divisor of 132 and 830082.
66
Calculate the greatest common factor of 509 and 10796399.
509
Calculate the highest common divisor of 203256312 and 294.
294
Calculate the highest common divisor of 246647 and 136677.
1571
What is the highest common factor of 7527 and 389883?
39
Calculate the highest common divisor of 28024 and 1180232.
248
What is the greatest common factor of 671070 and 210?
30
Calculate the greatest common divisor of 73921757 and 7.
7
What is the greatest common divisor of 10030 and 294?
2
Calculate the highest common divisor of 365349 and 926979.
579
Calculate the highest common factor of 6 and 128926268.
2
What is the greatest common factor of 186380 and 29220?
20
What is the greatest common divisor of 4862445 and 560?
35
Calculate the highest common factor of 1173340 and 720.
20
Calculate the highest common divisor of 273666388 and 29.
29
What is the greatest common divisor of 1859959 and 1807?
139
Calculate the highest common divisor of 282247 and 58829.
661
Calculate the highest common divisor of 231915 and 825.
15
What is the highest common factor of 6852 and 38032026?
3426
What is the highest common divisor of 160209 and 49923?
9
What is the greatest common factor of 16119 and 100097?
199
What is the greatest common factor of 61369 and 77693?
77
Calculate the highest common divisor of 282982975 and 275.
275
What is the greatest common factor of 24 and 1595964?
12
What is the greatest common divisor of 440 and 163766680?
440
What is the highest common divisor of 5075 and 1084950?
25
What is the highest common factor of 3229044 and 119847?
273
What is the highest common divisor of 16379711 and 97?
97
Calculate the highest common factor of 495 and 16556705.
55
Calculate the highest common divisor of 594 and 2260332.
54
What is the highest common factor of 53 and 143427169?
53
Calculate the greatest common divisor of 490 and 1050720.
10
Calculate the greatest common factor of 30 and 1289291520.
30
Calculate the highest common divisor of 84267 and 521.
1
Calculate the highest common divisor of 126 and 1140144.
6
What is the greatest common factor of 2 and 164889022?
2
What is the greatest common factor of 81666316 and 12018?
4006
Calculate the greatest common factor of 80 and 11382755.
5
Calculate the greatest common divisor of 20 and 1063195.
5
Calculate the highest common factor of 494192 and 499724.
1844
What is the highest common factor of 90 and 48406960?
10
Calculate the highest common divisor of 15 and 5962335.
15
What is the highest common factor of 1807510 and 370?
10
What is the greatest common divisor of 66 and 1542882?
66
What is the greatest common factor of 950 and 148100592?
38
Calculate the highest common divisor of 96426295 and 340.
85
Calculate the greatest common divisor of 5875 and 10938075.
1175
Calculate the highest common factor of 2431784 and 1627508.
2708
Calculate the greatest common divisor of 121 and 31028668.
11
Calculate the highest common factor of 16093 and 348992.
133
Calculate the highest common divisor of 3752 and 1449575820.
1876
Calculate the greatest common factor of 2677009 and 174277.
2857
Calculate the highest common factor of 137625 and 2517375.
375
Calculate the greatest common divisor of 2005 and 220540.
5
Calculate the greatest common divisor of 628147 and 63089.
2743
What is the greatest common factor of 2144 and 799?
1
What is the highest common factor of 3001468 and 228?
76
Calculate the highest common divisor of 7057480 and 269240.
2120
What is the greatest common divisor of 7509166 and 3304?
826
Calculate the greatest common factor of 766555 and 4655.
95
What is the highest common divisor of 384 and 392521344?
384
What is the highest common factor of 362146768 and 656?
656
What is the greatest common divisor of 90 and 232263?
9
Calculate the highest common factor of 80550 and 6050.
50
What is the highest common divisor of 65739138 and 1335?
267
What is the greatest common factor of 6218093 and 812?
203
Calculate the highest common factor of 2397 and 107236281.
141
What is the highest common factor of 38828 and 37655?
17
What is the greatest common factor of 486520 and 568?
8
Calculate the greatest common factor of 13061027 and 2282.
1141
What is the greatest common factor of 112317 and 126730?
29
What is the greatest common divisor of 2345810 and 290?
290
What is the highest common divisor of 8110296 and 162?
18
What is the highest common factor of 1021 and 9864902?
1021
What is the greatest common divisor of 489885914 and 14?
14
Calculate the greatest common divisor of 3219 and 74847855.
111
What is the highest common factor of 1675 and 120064?
67
Calculate the greatest common factor of 14615682 and 68.
34
Calculate the greatest common divisor of 3857 and 9366392.
133
What is the greatest common divisor of 6014449 and 2526579?
8507
What is the highest common factor of 17181 and 122590253?
1909
Calculate the greatest common factor of 4875915 and 483285.
4785
Calculate the highest common factor of 14 and 1067563.
7
Calculate the greatest common divisor of 558 and 116764326.
18
Calculate the highest common divisor of 117420 and 37278.
114
What is the greatest common factor of 457024 and 145136?
3088
Calculate the greatest common divisor of 2264 and 3823330.
566
Calculate the greatest common factor of 538285478 and 1718.
1718
Calculate the greatest common divisor of 9089743 and 351.
13
What is the highest common factor of 85 and 104691831?
17
What is the greatest common divisor of 266462 and 2198?
14
What is the greatest common factor of 376 and 74672?
8
Calculate the highest common factor of 1148393 and 2787509.
5059
What is the greatest common divisor of 38241 and 23310?
63
What is the greatest common divisor of 6429 and 186220271?
2143
What is the highest common factor of 870092 and 9028?
148
Calculate the highest common factor of 452652 and 8643.
201
Calculate the highes